2370585?
5, 1723, 6079
List the prime factors of 19620787.
19, 131, 7883
List the prime factors of 37527625.
5, 300221
What are the prime factors of 61240970?
2, 5, 7, 17, 53, 971
List the prime factors of 120248670.
2, 3, 5, 4008289
List the prime factors of 293929170.
2, 3, 5, 863, 11353
List the prime factors of 233616858.
2, 3, 38936143
List the prime factors of 8287108856.
2, 13, 19, 443, 9467
What are the prime factors of 100091180?
2, 5, 7, 29, 89, 277
What are the prime factors of 423531069?
3, 13, 4943
What are the prime factors of 8758283?
43, 353, 577
What are the prime factors of 57207396?
2, 3, 139, 34297
What are the prime factors of 141604890?
2, 3, 5, 7, 47, 14347
What are the prime factors of 85163568?
2, 3, 7, 36209
What are the prime factors of 172546200?
2, 3, 5, 10651
List the prime factors of 297483435.
3, 5, 53, 13859
List the prime factors of 73261699.
7, 10465957
What are the prime factors of 106211854?
2, 7, 1429, 5309
List the prime factors of 1014703039.
7, 144957577
What are the prime factors of 47739999?
3, 15913333
What are the prime factors of 612536702?
2, 37, 59, 140297
List the prime factors of 346676398.
2, 10739, 16141
List the prime factors of 973917525.
3, 5, 7, 523, 3547
List the prime factors of 183880649.
73, 2518913
What are the prime factors of 117218307?
3, 211, 281, 659
What are the prime factors of 538579658?
2, 9397, 28657
What are the prime factors of 349751947?
349751947
What are the prime factors of 282838239?
3, 31426471
What are the prime factors of 3504940?
2, 5, 29, 6043
List the prime factors of 897476585.
5, 12511, 14347
List the prime factors of 97599397.
7, 17, 820163
List the prime factors of 1522419393.
3, 11, 31, 709, 2099
List the prime factors of 400273291.
11, 47, 774223
List the prime factors of 1196171040.
2, 3, 5, 2492023
What are the prime factors of 63729615?
3, 5, 1621, 2621
What are the prime factors of 163021164?
2, 3, 13585097
List the prime factors of 3261770733.
3, 13, 6151, 13597
List the prime factors of 2791945569.
3, 7, 379, 7159
List the prime factors of 1999677340.
2, 5, 99983867
What are the prime factors of 1399010131?
47, 79, 376787
What are the prime factors of 1483446846?
2, 3, 7, 37, 954599
List the prime factors of 399707005.
5, 59, 1354939
List the prime factors of 3414567187.
3414567187
List the prime factors of 180014861.
13, 29, 31, 73, 211
List the prime factors of 702664545.
3, 5, 11, 467, 829
List the prime factors of 802258329.
3, 83, 1439, 2239
List the prime factors of 193767866.
2, 7591, 12763
List the prime factors of 60370156.
2, 7, 11, 28001
List the prime factors of 76790377.
17, 4517081
What are the prime factors of 561379156?
2, 13, 1709, 6317
List the prime factors of 52180614.
2, 3, 2898923
List the prime factors of 39460906.
2, 1249, 15797
List the prime factors of 93404330.
2, 5, 9340433
List the prime factors of 29428470.
2, 3, 5, 326983
What are the prime factors of 23975248?
2, 11, 136223
What are the prime factors of 24501846?
2, 3, 41, 103, 967
List the prime factors of 70781947.
70781947
What are the prime factors of 1772637852?
2, 3, 1801, 82021
What are the prime factors of 3858630853?
7, 11, 31, 1616519
List the prime factors of 1658620877.
277, 2311, 2591
What are the prime factors of 21100124?
2, 1483, 3557
List the prime factors of 6857184373.
13, 23, 22933727
List the prime factors of 294190193.
11, 26744563
What are the prime factors of 13163645?
5, 11, 137, 1747
List the prime factors of 2175651939.
3, 67, 10824139
What are the prime factors of 1349354985?
3, 5, 11, 1999, 4091
What are the prime factors of 716970377?
19, 3461, 10903
List the prime factors of 3411226121.
53, 64362757
List the prime factors of 58599804.
2, 3, 163, 29959
List the prime factors of 169814526.
2, 3, 7, 827, 4889
List the prime factors of 61728572.
2, 15432143
What are the prime factors of 168889309?
19, 139, 63949
List the prime factors of 177181196.
2, 1277, 34687
List the prime factors of 6313062564.
2, 3, 53, 367637
What are the prime factors of 15661432?
2, 59, 33181
List the prime factors of 63812501.
63812501
What are the prime factors of 101560497?
3, 33853499
What are the prime factors of 1412618071?
23, 61418177
What are the prime factors of 804088389?
3, 13, 17, 89, 13627
What are the prime factors of 29131892?
2, 23, 29, 61, 179
What are the prime factors of 103925698?
2, 719, 72271
What are the prime factors of 329837976?
2, 3, 13, 27107
What are the prime factors of 1897462189?
7, 19, 103, 138511
List the prime factors of 81540213.
3, 277, 98123
List the prime factors of 619744202.
2, 7, 11, 89, 103, 439
What are the prime factors of 91689287?
43, 2132309
What are the prime factors of 1519336481?
13, 151, 773987
What are the prime factors of 438275722?
2, 219137861
What are the prime factors of 43275762?
2, 3, 801403
List the prime factors of 562868538.
2, 3, 17, 43, 7549
What are the prime factors of 30951129?
3, 11, 37, 25349
What are the prime factors of 138110686?
2, 7, 17, 53, 10949
List the prime factors of 4811525790.
2, 3, 5, 571, 280883
List the prime factors of 545209582.
2, 61, 617, 7243
List the prime factors of 87747499.
7, 12535357
What are the prime factors of 1686978260?
2, 5, 11, 67, 193, 593
What are the prime factors of 506780064?
2, 3, 7, 17, 31, 53
What are the prime factors of 11682996?
2, 3, 13, 74891
What are the prime factors of 361347204?
2, 3, 23, 56923
What are the prime factors of 331314743?
331314743
List the prime factors of 50415885.
3, 5, 13, 23, 1249
List the prime factors of 368797758.
2, 3, 7, 2591, 3389
List the prime factors of 246564382.
2, 123282191
List the prime factors of 102885540.
2, 3, 5, 1714759
What are the prime factors of 659125601?
29, 241, 94309
What are the prime factors of 18104880?
2, 3, 5, 75437
What are the prime factors of 290161474?
2, 17, 37, 230653
List the prime factors of 1663035947.
1663035947
List the prime factors of 99857237.
23, 29, 149711
List the prime factors of 2030972256.
2, 3, 7051987
List the prime factors of 696110719.
7789, 89371
What are the prime factors of 1237129125?
3, 5, 29, 113759
List the prime factors of 162884642.
2, 81442321
What are the prime factors of 1501873952?
2, 41, 1144721
What are the prime factors of 113711279?
11, 103, 100363
List the prime factors of 4487549505.
3, 5, 107, 2795981
What are the prime factors of 401333648?
2, 199, 126047
List the prime factors of 743756108.
2, 185939027
List the prime factors of 30130340.
2, 5, 61, 24697
List the prime factors of 2759430688.
2, 7, 1249, 1409
List the prime factors of 38976551.
29, 83, 16193
List the prime factors of 45250946.
2, 13, 1740421
What are the prime factors of 513676998?
2, 3, 17, 559561
What are the prime factors of 170085313?
31, 101, 54323
What are the prime factors of 296189225?
5, 11847569
List the prime factors of 10791853.
23, 607, 773
What are the prime factors of 2332010150?
2, 5, 359, 129917
List the prime factors of 139897372.
2, 1427, 24509
What are the prime factors of 486651625?
5, 3893213
What are the prime factors of 40976101?
29, 1412969
What are the prime factors of 153992335?
5, 7, 37, 118913
List the prime factors of 202852880.
2, 5, 173, 14657
List the prime factors of 44402079.
3, 17, 870629
What are the prime factors of 238944860?
2, 5, 7, 11, 17, 9127
What are the prime factors of 43327120?
2, 5, 541589
List the prime factors of 545112266.
2, 829, 328777
What are the prime factors of 52025657?
31, 43, 1259
List the prime factors of 200510111.
61, 3287051
What are the prime factors of 2192306289?
3, 73, 10010531
What are the prime factors of 183079795?
5, 36615959
What are the prime factors of 259055106?
2, 3, 43175851
What are the prime factors of 1091029259?
1091029259
What are the prime factors of 1531350087?
3, 19, 167, 8467
What are the prime factors of 644959780?
2, 5, 269, 119881
What are the prime factors of 187153759?
13, 43, 53, 6317
What are the prime factors of 421173192?
2, 3, 11, 31, 53, 971
What are the prime factors of 5855649?
3, 359, 5437
What are the prime factors of 158706056?
2, 19838257
List the prime factors of 132927203.
1511, 87973
What are the prime factors of 26466128?
2, 13, 127241
What are the prime factors of 13237434